108481031 prime?
True
Is 12218353 prime?
False
Is 610112239 a composite number?
True
Is 7725239 a composite number?
False
Is 1310359 composite?
False
Is 15151603 composite?
False
Is 1435829 a composite number?
False
Is 5309351 composite?
True
Is 50055277 composite?
False
Is 10841 prime?
False
Is 423151537 composite?
False
Is 22468267 a composite number?
False
Is 50204563 a composite number?
False
Is 5990615 a composite number?
True
Is 683213 composite?
True
Is 46352143 composite?
False
Is 78111257 a composite number?
True
Is 207126371 a prime number?
True
Is 37144397 a prime number?
True
Is 3666581 a prime number?
True
Is 5511439 a prime number?
False
Is 17885746 prime?
False
Is 16215137 a prime number?
True
Is 169961 a prime number?
False
Is 1996207 composite?
False
Is 177896987 prime?
True
Is 29332513 a composite number?
True
Is 2241037 a prime number?
True
Is 13471 prime?
False
Is 13130723 composite?
True
Is 4235843 prime?
False
Is 13583359 prime?
True
Is 19414699 a composite number?
True
Is 271173659 a composite number?
False
Is 6084067 a composite number?
True
Is 227820601 prime?
False
Is 184972633 composite?
False
Is 167230715 composite?
True
Is 11138599 prime?
True
Is 5587213 prime?
False
Is 39058769 a prime number?
True
Is 83331407 composite?
False
Is 33827 a prime number?
True
Is 217457 prime?
True
Is 145560643 composite?
True
Is 4203187 prime?
True
Is 12664181 prime?
True
Is 503407627 a composite number?
False
Is 30568637 composite?
True
Is 7440997 a composite number?
False
Is 2692285 a composite number?
True
Is 216454151 composite?
False
Is 82504511 a prime number?
False
Is 55020793 a prime number?
True
Is 6304153 composite?
True
Is 223847287 prime?
True
Is 646743241 a composite number?
False
Is 4991087 a prime number?
False
Is 17478403 composite?
False
Is 17970167 a prime number?
True
Is 42465617 a prime number?
True
Is 82175333 a prime number?
False
Is 1232199145 composite?
True
Is 4673287 prime?
True
Is 100471519 a prime number?
True
Is 1087597 a prime number?
False
Is 144124423 composite?
False
Is 199328579 a composite number?
False
Is 42727417 a prime number?
True
Is 344097074 a composite number?
True
Is 10009147 a composite number?
True
Is 13538407 prime?
True
Is 12808009 a composite number?
False
Is 2560457 a prime number?
True
Is 315867193 prime?
True
Is 8345629 a composite number?
True
Is 3725651 a prime number?
True
Is 19440779 composite?
True
Is 2138999 composite?
False
Is 23551267 a composite number?
True
Is 119409351 a prime number?
False
Is 139309547 a prime number?
False
Is 36198517 a prime number?
False
Is 70279283 a composite number?
True
Is 3687683 composite?
False
Is 142196689 a prime number?
False
Is 454109 prime?
True
Is 96722861 a prime number?
False
Is 6762257 a prime number?
True
Is 444833 a composite number?
False
Is 57709079 composite?
True
Is 44543047 composite?
True
Is 369904838 a prime number?
False
Is 12585037 prime?
True
Is 2970649 a composite number?
True
Is 2111039 a composite number?
True
Is 183672061 prime?
False
Is 778979 composite?
False
Is 14502857 a prime number?
False
Is 1471271 prime?
True
Is 1519591 a prime number?
True
Is 433977821 a prime number?
True
Is 111550063 a composite number?
False
Is 79733501 composite?
False
Is 111682049 composite?
False
Is 29007607 prime?
True
Is 292007761 composite?
False
Is 2384623 composite?
False
Is 38583527 a prime number?
True
Is 39199 prime?
True
Is 531699373 a prime number?
False
Is 634061 prime?
True
Is 11750807 composite?
False
Is 7438691 prime?
False
Is 54186959 a prime number?
True
Is 7466801 a prime number?
False
Is 61752793 a prime number?
False
Is 1388587 a composite number?
False
Is 2361323 a composite number?
False
Is 10243513 a composite number?
True
Is 68386891 prime?
True
Is 221603053 a composite number?
True
Is 30981917 composite?
False
Is 28850431 a prime number?
False
Is 55213649 composite?
True
Is 5713907 prime?
False
Is 28076141 composite?
True
Is 23985137 a prime number?
False
Is 40504517 a composite number?
False
Is 174221 a composite number?
False
Is 983771 a prime number?
True
Is 46811587 a composite number?
False
Is 6849251 composite?
True
Is 7453879 a composite number?
False
Is 4453601 a composite number?
True
Is 32912449 a prime number?
False
Is 313022 prime?
False
Is 3529007 composite?
True
Is 111730361 a composite number?
False
Is 17697877 prime?
False
Is 194480779 a composite number?
True
Is 28195417 composite?
True
Is 97552457 a composite number?
True
Is 400598951 prime?
True
Is 45245549 prime?
True
Is 1006727 a composite number?
True
Is 575857 composite?
False
Is 993101 a prime number?
False
Is 5525281 a composite number?
True
Is 822581 composite?
False
Is 59622257 a composite number?
True
Is 242939483 composite?
False
Is 1556698123 a prime number?
False
Is 4557521 prime?
True
Is 256495919 prime?
False
Is 2962979 prime?
True
Is 23039669 a composite number?
False
Is 131837 a prime number?
True
Is 127585793 a composite number?
True
Is 115890121 prime?
False
Is 1414681 prime?
True
Is 26182943 a composite number?
False
Is 65747827 a composite number?
False
Is 136298603 a prime number?
False
Is 2810891 a composite number?
True
Is 511894637 composite?
True
Is 1405619 a prime number?
False
Is 1201855 composite?
True
Is 625394843 a composite number?
False
Is 11719223 a composite number?
False
Is 447622079 composite?
False
Is 1726243 prime?
False
Is 2999639 a composite number?
False
Is 871534163 a composite number?
False
Is 6843671 a prime number?
True
Is 34320619 prime?
False
Is 137787971 composite?
False
Is 57692053 prime?
True
Is 105899473 a prime number?
False
Is 2980363 prime?
False
Is 8581514 a prime number?
False
Is 608417 a composite number?
True
Is 18727507 a prime number?
False
Is 1307417 prime?
True
Is 21638407 a composite number?
True
Is 398741 a composite number?
True
Is 354383 prime?
True
Is 1647071 a prime number?
False
Is 6349 composite?
True
Is 12823703 a composite number?
False
Is 2002289 prime?
True
Is 66806473 a prime number?
True
Is 70691923 a prime number?
False
Is 217105241 prime?
False
Is 9288173 a composite number?
True
Is 77136079 a prime number?
False
Is 7953955 composite?
True
Is 647530655 a prime number?
False
Is 28400531 a prime number?
True
Is 5873081 a prime number?
True
Is 23182037 a prime number?
True
Is 386065793 prime?
True
Is 14163917 composite?
False
Is 3520399 a composite number?
False
Is 3920045 composite?
True
Is 42647 prime?
False
Is 9629831 a composite number?
False
Is 590393 composite?
True
Is 6924469 a composite number?
True
Is 921223 a composite number?
False
Is 35087251 prime?
False
Is 155189611 prime?
False
Is 7652053 composite?
False
Is 61259977 a composite number?
True
Is 8475413 a composite number?
False
Is 90967 a prime number?
False
Is 13727339 prime?
False
Is 204948379 a composite number?
True
Is 22310331 a prime number?
False
Is 38311267 a prime number?
False
Is 8971913 a prime number?
True
Is 713807 a composite number?
False
Is 6825001 composite?
False
Is 4150479 a prime number?
False
Is 532357851 prime?
False
Is 10679573 prime?
True
Is 9706195 a composite number?
True
Is 31106099 prime?
True
Is 17981857 composite?
False
Is 1699889 composite?
True
Is 66164539 prime?
False
Is 257483631 a prime number?
False
Is 5814857 a composite number?
False
Is 37452337 a prime number?
False
Is 12952915 a prime number?
False
Is 16497007 prime?
False
Is 1452144341 a composite number?
True
Is 4374967 a composite number?
True
Is 39977687 a composite number?
True
Is 64693357 a composite number?
False
Is 660539147 a prime number?
True
Is 23255671 a composite number?
False
Is 866643007 composite?
False
Is 77976814 composite?
True
Is 933089 composite?
True
Is 27328219 prime?
False
Is 11845711 composite?
True
Is 64219843 prime?
True
Is 79980863 a prime number?
False
Is 42096529 a composite number?
False
Is 1968721 a composite number?
False
Is 12540937 a composite number?
False
Is 3308969 composite?
True
Is 42569903 a composite number?
True
Is 1953013 composite?
False
Is 112764461 prime?
False
Is 19296131 a composite number?
False
Is 2473723 composite?
True
Is 79679569 a composite number?
False
Is 6854027 prime?
True
Is 74815077 composite?
True
Is 77793899 a composite number?
False
Is 2936519 prime?